{"id":9,"date":"2022-05-13T20:23:19","date_gmt":"2022-05-13T18:23:19","guid":{"rendered":"http:\/\/alemebel.pl\/?page_id=9"},"modified":"2022-05-13T21:01:37","modified_gmt":"2022-05-13T19:01:37","slug":"home","status":"publish","type":"page","link":"http:\/\/alemebel.pl\/","title":{"rendered":"Strona g\u0142\u00f3wna"},"content":{"rendered":"<!-- wp:themify-builder\/canvas \/--><!--themify_builder_static--><h1 style=\"text-align: center;\">O firmie<\/h1> <p style=\"margin: 0cm 36pt 0cm 0cm; font-size: 12pt; font-family: 'Times New Roman', serif; color: #000000; line-height: 18pt; text-align: center;\">Firma\u00a0Ale Mebel\u00a0zajmuje si\u0119 produkcj\u0105 mebli na indywidualne zam\u00f3wienie klienta.\u00a0<\/p> <p style=\"margin: 0cm 36pt 0cm 0cm; font-size: 12pt; font-family: 'Times New Roman', serif; color: #000000; line-height: 18pt; text-align: center;\">Projektujemy i realizujemy wn\u0119trza zar\u00f3wno komercyjne jak i indywidualne.<\/p> <p style=\"margin: 0cm 36pt 0cm 0cm; font-size: 12pt; font-family: 'Times New Roman', serif; color: #000000; line-height: 18pt; text-align: center;\">W naszej ofercie znajdziecie Pa\u0144stwo takie meble jak kuchnie, garderoby, szafy z drzwiami przesuwnymi i nie tylko,\u00a0<\/p> <p style=\"margin: 0cm 36pt 0cm 0cm; font-size: 12pt; font-family: 'Times New Roman', serif; color: #000000; line-height: 18pt; text-align: center;\">r\u00f3\u017cnego rodzaju szafki, szafeczki, rega\u0142y, meble biurowe, biurka, sypialnie.<\/p> <p style=\"margin: 0cm 36pt 0cm 0cm; font-size: 12pt; font-family: 'Times New Roman', serif; color: #000000; line-height: 18pt; text-align: center;\">Wszystkie nasze meble produkowane s\u0105 z najlepszych materia\u0142\u00f3w, dlatego b\u0119d\u0105 Pa\u0144stwu s\u0142u\u017cy\u0107 przez d\u0142ugie lata.\u00a0<\/p> <p style=\"margin: 0cm 36pt 0cm 0cm; font-size: 12pt; font-family: 'Times New Roman', serif; color: #000000; line-height: 18pt; text-align: center;\">Cechuje je r\u00f3wnie\u017c wysoka jako\u015b\u0107 wyko\u0144czenia, niepowtarzalny styl i przyst\u0119pna cena.<\/p>\n<img loading=\"lazy\" decoding=\"async\" src=\"https:\/\/themify.me\/demo\/themes\/ultra-interior\/files\/2021\/02\/upstair-design-1160x497.jpg\" width=\"1160\" height=\"497\">\n<a href=\"https:\/\/www.facebook.com\/alemebelpl?locale=pl_PL\" target=\"_blank\" rel=\"noopener\"> <em><svg aria-hidden=\"true\"><use href=\"#tf-ti-facebook\"><\/use><\/svg><\/em> FACEBOOK <\/a>\n<h2 style=\"text-align: center;\">Oferta<\/h2>\n<p>Produkujemy meble na indywidualne zam\u00f3wienie klienta. Proponujemy Pa\u0144stwu atrakcyjn\u0105 ofert\u0119 wyposa\u017cenia wn\u0119trz zar\u00f3wno pod wzgl\u0119dem wzornictwa jak i wykorzystanych materia\u0142\u00f3w.<\/p> <p>Naszym zadaniem jest zaprojektowanie i wykonanie mebli, kt\u00f3re spe\u0142ni\u0105 wszystkie Pa\u0144stwa oczekiwania.<\/p> <p>Pomo\u017cemy Pa\u0144stwu doradzi\u0107 we wszystkich kwestiach zwi\u0105zanych z planowaniem przestrzeni, a do tego gwarantujemy bezp\u0142atny pomiar oraz projekt.<\/p> <p>Oferujemy szeroki zakres materia\u0142\u00f3w wyko\u0144czeniowych.<br><br><\/p> <p><strong>Fronty:<\/strong>\u00a0z p\u0142yt MDF, PCV, lakier, po\u0142ysk, mat i p\u00f3\u0142mat w szerokiej gamie kolorystycznej.\u00a0(zdj\u0119cie)<\/p> <p>Oferujemy r\u00f3wnie\u017c fronty fornirowane oraz drewniane.\u00a0<\/p> <p><strong>Blaty:\u00a0<\/strong>kuchenne, \u0142azienkowe, z kamienia, z konglomeratu, drewniane oraz z laminatu.<\/p> <p><strong>Wyposa\u017cenie:<\/strong><\/p> <ul> <li>zawiasy firmy BLUM z systemem Blumotion (z delikatnym i cichym zamykaniem),<\/li> <li>szuflady Tandembox firmy BLUM<\/li> <li>kilkadziesi\u0105t wzor\u00f3w uchwyt\u00f3w.<\/li> <\/ul> <p>Na wszystkie produkowane przez nas meble udzielamy 2 \u2013 letniej gwarancji.<\/p> <p>Natomiast wszystkie okucia (szuflady, zawiasy, podno\u015bniki) firmy BLUM zastosowane w naszych meblach obj\u0119te s\u0105 do\u017cywotni\u0105 gwarancj\u0105.<\/p>\n<a href=\"https:\/\/www.facebook.com\/alemebelpl?locale=pl_PL\" target=\"_blank\" rel=\"noopener\"> <em><svg aria-hidden=\"true\"><use href=\"#tf-ti-facebook\"><\/use><\/svg><\/em> FACEBOOK <\/a>\n<h2 style=\"text-align: center;\">Kontakt<\/h2> <p style=\"text-align: center;\"><strong>Marek Martyniak<\/strong><\/p> <p style=\"text-align: center;\"><strong>Telefon: <a href=\"tel:+48500529249\">+48\u00a0500\u00a0529\u00a0249<\/a><\/strong><\/p> <p style=\"text-align: center;\"><a href=\"mailto:biuro@alemebel.pl\"><strong>biuro@alemebel.pl<\/strong><\/a><\/p> <p style=\"text-align: center;\"><strong>Kopernika 10\/29,\u00a0<\/strong><strong style=\"background-color: initial; font-size: 1em;\">43-100 Tychy<\/strong><\/p>\n<img decoding=\"async\" loading=\"lazy\" src=\"http:\/\/alemebel.pl\/wp-content\/uploads\/2022\/05\/baner-gl-05-1024x490-445x267.jpg\" width=\"445\" height=\"267\" title=\"baner-gl-05\" alt=\"baner-gl-05\">\n<h2>Meble i zabudowy na indywidualne zam\u00f3wienia<\/h2><!--\/themify_builder_static-->","protected":false},"excerpt":{"rendered":"<p>O firmie Firma\u00a0Ale Mebel\u00a0zajmuje si\u0119 produkcj\u0105 mebli na indywidualne zam\u00f3wienie klienta.\u00a0 Projektujemy i realizujemy wn\u0119trza zar\u00f3wno komercyjne jak i indywidualne. W naszej ofercie znajdziecie Pa\u0144stwo takie meble jak kuchnie, garderoby, szafy z drzwiami przesuwnymi i nie tylko,\u00a0 r\u00f3\u017cnego rodzaju szafki, szafeczki, rega\u0142y, meble biurowe, biurka, sypialnie. Wszystkie nasze meble produkowane s\u0105 z najlepszych materia\u0142\u00f3w, dlatego [&hellip;]<\/p>\n","protected":false},"author":1,"featured_media":0,"parent":0,"menu_order":0,"comment_status":"closed","ping_status":"closed","template":"","meta":{"footnotes":""},"class_list":["post-9","page","type-page","status-publish","hentry","has-post-title","has-post-date","has-post-category","has-post-tag","has-post-comment","has-post-author",""],"builder_content":"<h1 style=\"text-align: center;\">O firmie<\/h1> <p style=\"margin: 0cm 36pt 0cm 0cm; font-size: 12pt; font-family: 'Times New Roman', serif; color: #000000; line-height: 18pt; text-align: center;\">Firma\u00a0Ale Mebel\u00a0zajmuje si\u0119 produkcj\u0105 mebli na indywidualne zam\u00f3wienie klienta.\u00a0<\/p> <p style=\"margin: 0cm 36pt 0cm 0cm; font-size: 12pt; font-family: 'Times New Roman', serif; color: #000000; line-height: 18pt; text-align: center;\">Projektujemy i realizujemy wn\u0119trza zar\u00f3wno komercyjne jak i indywidualne.<\/p> <p style=\"margin: 0cm 36pt 0cm 0cm; font-size: 12pt; font-family: 'Times New Roman', serif; color: #000000; line-height: 18pt; text-align: center;\">W naszej ofercie znajdziecie Pa\u0144stwo takie meble jak kuchnie, garderoby, szafy z drzwiami przesuwnymi i nie tylko,\u00a0<\/p> <p style=\"margin: 0cm 36pt 0cm 0cm; font-size: 12pt; font-family: 'Times New Roman', serif; color: #000000; line-height: 18pt; text-align: center;\">r\u00f3\u017cnego rodzaju szafki, szafeczki, rega\u0142y, meble biurowe, biurka, sypialnie.<\/p> <p style=\"margin: 0cm 36pt 0cm 0cm; font-size: 12pt; font-family: 'Times New Roman', serif; color: #000000; line-height: 18pt; text-align: center;\">Wszystkie nasze meble produkowane s\u0105 z najlepszych materia\u0142\u00f3w, dlatego b\u0119d\u0105 Pa\u0144stwu s\u0142u\u017cy\u0107 przez d\u0142ugie lata.\u00a0<\/p> <p style=\"margin: 0cm 36pt 0cm 0cm; font-size: 12pt; font-family: 'Times New Roman', serif; color: #000000; line-height: 18pt; text-align: center;\">Cechuje je r\u00f3wnie\u017c wysoka jako\u015b\u0107 wyko\u0144czenia, niepowtarzalny styl i przyst\u0119pna cena.<\/p>\n<img src=\"https:\/\/themify.me\/demo\/themes\/ultra-interior\/files\/2021\/02\/upstair-design-1160x497.jpg\" width=\"1160\" height=\"497\" title=\"Strona g\u0142\u00f3wna\" alt=\"Strona g\u0142\u00f3wna\">\n<a href=\"https:\/\/www.facebook.com\/alemebelpl?locale=pl_PL\" target=\"_blank\" rel=\"noopener\"> <em><svg aria-hidden=\"true\"><use href=\"#tf-ti-facebook\"><\/use><\/svg><\/em> FACEBOOK <\/a>\n<h2 style=\"text-align: center;\">Oferta<\/h2>\n<p>Produkujemy meble na indywidualne zam\u00f3wienie klienta. Proponujemy Pa\u0144stwu atrakcyjn\u0105 ofert\u0119 wyposa\u017cenia wn\u0119trz zar\u00f3wno pod wzgl\u0119dem wzornictwa jak i wykorzystanych materia\u0142\u00f3w.<\/p> <p>Naszym zadaniem jest zaprojektowanie i wykonanie mebli, kt\u00f3re spe\u0142ni\u0105 wszystkie Pa\u0144stwa oczekiwania.<\/p> <p>Pomo\u017cemy Pa\u0144stwu doradzi\u0107 we wszystkich kwestiach zwi\u0105zanych z planowaniem przestrzeni, a do tego gwarantujemy bezp\u0142atny pomiar oraz projekt.<\/p> <p>Oferujemy szeroki zakres materia\u0142\u00f3w wyko\u0144czeniowych.<br><br><\/p> <p><strong>Fronty:<\/strong>\u00a0z p\u0142yt MDF, PCV, lakier, po\u0142ysk, mat i p\u00f3\u0142mat w szerokiej gamie kolorystycznej.\u00a0(zdj\u0119cie)<\/p> <p>Oferujemy r\u00f3wnie\u017c fronty fornirowane oraz drewniane.\u00a0<\/p> <p><strong>Blaty:\u00a0<\/strong>kuchenne, \u0142azienkowe, z kamienia, z konglomeratu, drewniane oraz z laminatu.<\/p> <p><strong>Wyposa\u017cenie:<\/strong><\/p> <ul> <li>zawiasy firmy BLUM z systemem Blumotion (z delikatnym i cichym zamykaniem),<\/li> <li>szuflady Tandembox firmy BLUM<\/li> <li>kilkadziesi\u0105t wzor\u00f3w uchwyt\u00f3w.<\/li> <\/ul> <p>Na wszystkie produkowane przez nas meble udzielamy 2 \u2013 letniej gwarancji.<\/p> <p>Natomiast wszystkie okucia (szuflady, zawiasy, podno\u015bniki) firmy BLUM zastosowane w naszych meblach obj\u0119te s\u0105 do\u017cywotni\u0105 gwarancj\u0105.<\/p>\n<a href=\"https:\/\/www.facebook.com\/alemebelpl?locale=pl_PL\" target=\"_blank\" rel=\"noopener\"> <em><svg aria-hidden=\"true\"><use href=\"#tf-ti-facebook\"><\/use><\/svg><\/em> FACEBOOK <\/a>\n<h2 style=\"text-align: center;\">Kontakt<\/h2> <p style=\"text-align: center;\"><strong>Marek Martyniak<\/strong><\/p> <p style=\"text-align: center;\"><strong>Telefon: <a href=\"tel:+48500529249\">+48\u00a0500\u00a0529\u00a0249<\/a><\/strong><\/p> <p style=\"text-align: center;\"><a href=\"mailto:biuro@alemebel.pl\"><strong>biuro@alemebel.pl<\/strong><\/a><\/p> <p style=\"text-align: center;\"><strong>Kopernika 10\/29,\u00a0<\/strong><strong style=\"background-color: initial; font-size: 1em;\">43-100 Tychy<\/strong><\/p>\n<img loading=\"lazy\" decoding=\"async\" src=\"http:\/\/alemebel.pl\/wp-content\/uploads\/2022\/05\/baner-gl-05-1024x490-445x267.jpg\" width=\"445\" height=\"267\" title=\"baner-gl-05\" alt=\"baner-gl-05\">\n<h2>Meble i zabudowy na indywidualne zam\u00f3wienia<\/h2>","_links":{"self":[{"href":"http:\/\/alemebel.pl\/index.php?rest_route=\/wp\/v2\/pages\/9","targetHints":{"allow":["GET"]}}],"collection":[{"href":"http:\/\/alemebel.pl\/index.php?rest_route=\/wp\/v2\/pages"}],"about":[{"href":"http:\/\/alemebel.pl\/index.php?rest_route=\/wp\/v2\/types\/page"}],"author":[{"embeddable":true,"href":"http:\/\/alemebel.pl\/index.php?rest_route=\/wp\/v2\/users\/1"}],"replies":[{"embeddable":true,"href":"http:\/\/alemebel.pl\/index.php?rest_route=%2Fwp%2Fv2%2Fcomments&post=9"}],"version-history":[{"count":16,"href":"http:\/\/alemebel.pl\/index.php?rest_route=\/wp\/v2\/pages\/9\/revisions"}],"predecessor-version":[{"id":39,"href":"http:\/\/alemebel.pl\/index.php?rest_route=\/wp\/v2\/pages\/9\/revisions\/39"}],"wp:attachment":[{"href":"http:\/\/alemebel.pl\/index.php?rest_route=%2Fwp%2Fv2%2Fmedia&parent=9"}],"curies":[{"name":"wp","href":"https:\/\/api.w.org\/{rel}","templated":true}]}}